 52. What is n(54)?
2
Let y(p) = 771*p**2 + 5391*p - 32. Give y(-7).
10
Let k(b) = -b**2 - 99*b - 1044. What is k(-12)?
0
Let x(g) = -337*g - 6725. Give x(-20).
15
Let d(p) = 3*p**2 - 38*p + 19. Calculate d(12).
-5
Let p(q) = -4*q**2 - 264*q + 31. Determine p(-66).
31
Let f(l) = -l**2 - 15*l - 14. What is f(-15)?
-14
Let v(n) = n**2 + 86*n + 1585. Give v(-58).
-39
Let r(s) = -s**2 - 26*s - 9. Determine r(-24).
39
Let o(p) = 2*p**3 - 42*p**2 + 8*p - 176. Give o(21).
-8
Let v(h) = 7*h + 29. Give v(2).
43
Let a(p) = -5*p**3 + 4*p**2 + 4*p - 1. What is a(-2)?
47
Let r(p) = -4*p**2 - 172*p - 75. Calculate r(-41).
253
Let m(b) = b**2 - 110*b + 212. What is m(2)?
-4
Let p(b) = -3*b + 213. Determine p(-39).
330
Let s(a) = a**2 + 247*a + 12186. Calculate s(-68).
14
Let n(x) = 12*x**3 - 203*x**2 - 14*x - 42. Calculate n(17).
9
Let b(h) = 59*h + 43. Give b(-1).
-16
Let b(y) = -y**2 - 149*y + 745. What is b(5)?
-25
Let u(b) = 115*b + 1618. What is u(-14)?
8
Let i(n) = 420*n + 25192. Give i(-60).
-8
Let a(x) = 780*x - 3879. Calculate a(5).
21
Let d(k) = -2*k**2 + 37*k + 78. Give d(-3).
-51
Let r(h) = h**3 - 36*h**2 + 35*h - 11. Determine r(35).
-11
Let g(t) = -778*t**3 + t**2 + 71*t + 70. What is g(-1)?
778
Let d(k) = -22*k + 20. Calculate d(-2).
64
Let o(i) = -132*i - 440. Calculate o(-6).
352
Let z(v) = v**2 + 8*v - 45. Calculate z(6).
39
Let m(q) = 2*q**3 - 19*q**2 + 20*q + 65. Give m(3).
8
Let g(u) = 47*u - 2751. Give g(56).
-119
Let i(x) = -x**3 + 21*x**2 - 2. Determine i(21).
-2
Let l(i) = 2*i**3 + 64*i**2 + 11*i + 327. What is l(-32)?
-25
Let p(j) = 2*j**3 - 3*j**2 + 22*j - 64. What is p(3)?
29
Let n(b) = -88*b**2 + 138*b + 73. Calculate n(2).
-3
Let v(s) = -s**3 - 3*s + 36. Give v(0).
36
Let r(l) = -36*l - 252. What is r(-6)?
-36
Let n(t) = 14*t - 39. Give n(8).
73
Let k(w) = -23*w**2 - 1412*w - 548. Give k(-61).
1
Let v(x) = -29632*x + 59265. Give v(2).
1
Let a(c) = 3*c**3 + 134*c**2 - 27*c + 817. Determine a(-45).
7
Let m(g) = g**2 - 16*g - 43. What is m(18)?
-7
Let u(d) = d**2 - d - 22. Determine u(-10).
88
Let r(d) = 445*d - 3988. What is r(9)?
17
Let n(m) = -20845*m + 145918. What is n(7)?
3
Let t(j) = j**3 - 3*j**2 + j + 1. Give t(-4).
-115
Let k(p) = 348*p - 1054. Calculate k(3).
-10
Let f(r) = -1128*r - 12458. Calculate f(-11).
-50
Let f(p) = 107*p - 196. What is f(2)?
18
Let z(j) = 12787*j - 12786. What is z(1)?
1
Let b(r) = -2*r**2 + 198*r - 19. Calculate b(99).
-19
Let m(o) = -8*o + 49. What is m(9)?
-23
Let z(l) = l**3 + 4*l**2 - 29*l - 35. Calculate z(-8).
-59
Let z(m) = 258*m + 23216. Determine z(-90).
-4
Let g(f) = 178*f - 2051. Calculate g(13).
263
Let w(p) = p**2 + 82*p - 537. What is w(-96)?
807
Let g(p) = -64*p**2 + 126*p - 8. Calculate g(2).
-12
Let h(v) = -2*v**3 + 12*v**2 + 5*v + 56. Calculate h(7).
-7
Let h(s) = s**3 + 65*s**2 + 192*s + 233. Give h(-62).
-139
Let s(a) = a**3 - 22*a**2 - 73*a + 63. What is s(25)?
113
Let k(d) = -5*d**3 + 60*d**2 + 4*d - 42. Determine k(12).
6
Let k(x) = x**3 + 14*x**2 + 45*x - 25. Determine k(-7).
3
Let p(h) = -10845*h + 43366. Determine p(4).
-14
Let l(b) = -b**3 + 19*b**2 + 60*b - 77. What is l(22)?
-209
Let r(w) = -2*w**2 - 82*w - 167. Give r(-39).
-11
Let l(f) = -f**2 - 29*f + 4927. Determine l(-86).
25
Let w(m) = -2623*m + 2619. Determine w(1).
-4
Let s(x) = 34*x**2 - 2141*x - 53. What is s(63)?
10
Let d(v) = -27*v + 263. Give d(20).
-277
Let j(d) = -445*d + 2650. What is j(6)?
-20
Let l(u) = -6*u**2 - 672*u + 1335. What is l(-114)?
-33
Let x(k) = 51*k + 5251. Give x(-103).
-2
Let l(f) = -f**3 + 113*f**2 - 432*f - 8. Determine l(4).
8
Let o(z) = -183*z - 2025. What is o(-11)?
-12
Let c(m) = 3*m**2 + 140*m + 796. Give c(-40).
-4
Let l(u) = -u**3 - 24*u**2 + 258*u - 136. Calculate l(-32).
-200
Let h(f) = 3*f**2 - 25*f + 11. Give h(0).
11
Let i(k) = 3*k**2 - 122*k + 630. Calculate i(6).
6
Let j(w) = w**2 - 69*w + 175. Give j(66).
-23
Let w(o) = o**3 + 21*o**2 - 114*o + 413. Calculate w(-26).
-3
Let t(y) = 163*y + 13. Calculate t(-3).
-476
Let t(w) = w**3 - 10*w**2 + 6*w + 89. Give t(5).
-6
Let t(a) = -a**3 + 6*a**2 - 174*a + 1288. Calculate t(7).
21
Let u(j) = -20*j**2 - 60*j - 177. What is u(-3)?
-177
Let z(l) = -3*l**2 - 182*l - 617. What is z(-57)?
10
Let m(c) = -c**2 - 38*c + 387. Give m(-46).
19
Let r(n) = 439*n - 42577. Calculate r(97).
6
Let g(t) = t**2 - 40*t - 568. Determine g(49).
-127
Let a(t) = 3110*t - 12419. Determine a(4).
21
Let u(o) = -3*o**2 - 665*o - 1754. Determine u(-219).
-2
Let n(k) = 16*k**2 + 7*k + 10. Calculate n(-2).
60
Let g(q) = -q**3 - 32*q**2 - 92*q - 52. Calculate g(-29).
93
Let d(m) = -3*m**2 + 49*m + 10. Determine d(15).
70
Let u(q) = 2*q**2 - 6*q + 1. What is u(-3)?
37
Let g(p) = 3*p**3 + 82*p**2 + 24*p - 90. Give g(-27).
-9
Let d(v) = v**2 - 16*v + 1. Calculate d(14).
-27
Let x(u) = u**2 - 51*u + 292. Calculate x(25).
-358
Let h(r) = -5*r**3 + 30*r**2 + 3*r + 10. What is h(6)?
28
Let z(i) = i**3 - 13*i**2 - 3*i - 88. What is z(14)?
66
Let g(a) = 12*a - 268. What is g(29)?
80
Let o(s) = s**2 - 66*s + 1008. Give o(33).
-81
Let r(x) = -x**2 + 2*x - 22. Calculate r(4).
-30
Let u(t) = -t**2 - 2167*t - 10838. What is u(-5)?
-28
Let q(a) = 195*a - 814. Determine q(4).
-34
Let g(c) = 242*c**3 - c**2 - 10*c - 10. Determine g(-1).
-243
Let z(q) = -11*q**2 + 243*q - 32. Calculate z(24).
-536
Let c(n) = -n - 121. Calculate c(-107).
-14
Let q(m) = -4*m**3 + 4*m**2 - 8*m - 9. Calculate q(-1).
7
Let b(x) = 48*x + 927. Determine b(-19).
15
Let h(s) = 2*s**2 - 38*s + 180. Give h(7).
12
Let n(b) = -4*b**2 - 93*b - 437. Give n(-5).
-72
Let r(y) = -24*y**2 + 140*y + 20. What is r(6)?
-4
Let p(h) = -2*h**2 - 350*h - 12641. Calculate p(-124).
7
Let u(a) = 758*a**2 - 6061*a - 31. Give u(8).
-7
Let m(l) = -33*l**2 + 38*l + 35. What is m(-1)?
-36
Let j(l) = l**3 + 3*l**2 - 22*l - 44. Give j(-6).
-20
Let n(u) = 118*u - 195. Give n(-6).
-903
Let x(m) = m**2 + 102*m + 389. Give x(-98).
-3
Let z(d) = 843*d - 43. Calculate z(1).
800
Let z(l) = 650*l - 2534. Determine z(4).
66
Let u(p) = 2*p**3 - p**2 - 172*p - 3. Determine u(-9).
6
Let n(t) = 41*t**2 - 1024*t - 15. Give n(25).
10
Let g(w) = w**3 + 6*w**2 - 31*w - 230. Calculate g(-7).
-62
Let d(m) = 451*m + 5864. Give d(-13).
1
Let n(b) = -15*b**3 + 4*b**2 + 12*b - 7. Determine n(3).
-340
Let q(a) = -a**3 - 10*a**2 - 2*a + 87. Determine q(-8).
-25
Let w(o) = -o**3 + 9*o**2 + 84*o + 43. What is w(14)?
239
Let i(k) = 3*k**3 - 38*k**2 + 129*k - 45. Calculate i(6).
9
Let a(n) = -74*n + 600. Calculate a(8).
8
Let q(s) = -35*s - 430. Give q(-9).
-115
Let l(d) = 18*d**2 - 391*d + 2392. Give l(6).
694
Let p(n) = n**2 - 56*n + 432. Calculate p(48).
48
Let r(o) = -2*o**2 - 89*o - 675. Determine r(-35).
-10
Let h(k) = 6*k**2 - 340*k + 221. Calculate h(56).
-3
Let d(x) = 4*x**2 - 34*x - 33. Give d(9).
-15
Let q(b) = b**3 + 167*b**2 - 534*b - 4079. What is q(-170)?
1
Let a(b) = 176*b**2 + 6*b - 3. What is a(1)?
179
Let u(d) = -d**2 - 1195*d - 67006. What is u(-59)?
18
Let h(l) = -l**2 + 103*l + 964. What is h(-9)?
-44
Let h(r) = 629*r - 527. Give h(1).
102
Let q(p) = -6*p**3 + 4*p**2 - 2*p - 2. Give q(1).
-6
Let b(v) = -7*v + 110. Determine b(6).
68
Let n(l) = -6*l**2 - 67*l - 90. Give n(-10).
-20
Let s(x) = -x**3 - 21*x**2 - 55*x - 39. What is s(-18)?
-21
Let t(q) = -29*q - 640. What is t(-22)?
-2
Let j(w) = -2*w**3 - 77*w**2 + 18*w - 4087. Give j(-40).
-7
Let s(g) = 79*g + 5375. Determine s(-68).
3
Let g(k) = -23*k - 530. Determine g(-23).
-1
Let n(s) = -s**2 - 119*s - 1805. Calculate n(-101).
13
Let z(w) = -w**2 + 19*w + 25. Give z(0).
25
Let o(r) = -408*r + 4903. Calculate o(12).
7
Let n(q) = 155*q - 2783. What is n(18)?
7
Let p(f) = f**2 - 78*f + 1357. Give p(52).
5
Let d(p) = -2*p**3 + 11*p**2 - 11*p - 32. What is d(6)?
-134
Let i(o) = -o**2 - 4*o + 139. Calculate i(-13).
22
Let p(y) = -y**3 - 31*y**2 - 49*y + 266. Calculate p(-29).
5
Let m(w) = -43*w - 89. Give m(-2).
-3
Let f(r) = -2*r**2 - 44*r - 210. Determine f(-12).
30
Let q(c) = -109*c**2 + 2290*c - 18. Determine q(21).
3
Let t(x) = 2*x - 4. Determine t(45).
86
Let g(z) = 2*z**3 + 53*z**2 + 22*z + 27. Determine g(-26).
131
Let t(a) = -a**3 - 31*a**2 - 67*a - 90. What is t(-29)?
171
Let v(x) = 76*x**2 + 204*x - 70. Give v(-3).
2
Let z(d) = -24*d**3 - d**2 + 16*d + 78. Calculate z(-